factors of 634026032?
2, 89, 541, 823
List the prime factors of 47281601.
991, 47711
What are the prime factors of 37443527?
11, 3403957
What are the prime factors of 121942040?
2, 5, 11, 191, 1451
List the prime factors of 100302533.
17, 103, 57283
What are the prime factors of 32225308?
2, 8056327
What are the prime factors of 22118507?
113, 195739
List the prime factors of 424710045.
3, 5, 9438001
List the prime factors of 20718159.
3, 7, 11, 89689
What are the prime factors of 3960315?
3, 5, 88007
List the prime factors of 149213857.
13, 23, 79, 6317
What are the prime factors of 2683475658?
2, 3, 349, 427169
List the prime factors of 121805097.
3, 4969, 8171
What are the prime factors of 516587833?
61, 1879, 4507
List the prime factors of 7219210252.
2, 7013, 257351
What are the prime factors of 19028263?
29, 656147
List the prime factors of 1709458057.
1301, 1313957
What are the prime factors of 13553340?
2, 3, 5, 225889
What are the prime factors of 40161574?
2, 1031, 19477
What are the prime factors of 2869366683?
3, 956455561
What are the prime factors of 564546988?
2, 2393, 58979
What are the prime factors of 151027160?
2, 5, 3775679
What are the prime factors of 377610827?
11, 29, 1183733
List the prime factors of 365643923.
19, 103, 257, 727
What are the prime factors of 20479718?
2, 7, 277, 5281
List the prime factors of 42804536.
2, 251, 21317
List the prime factors of 21617139.
3, 37, 194749
What are the prime factors of 15528773?
13, 1194521
List the prime factors of 100353805.
5, 17, 37, 1877
What are the prime factors of 138153051?
3, 643, 23873
List the prime factors of 59166257.
59166257
What are the prime factors of 33382568?
2, 23, 419, 433
What are the prime factors of 13032956?
2, 43, 75773
What are the prime factors of 48738980?
2, 5, 2436949
List the prime factors of 4328445058.
2, 7, 263, 1175569
List the prime factors of 14186081.
7, 13, 155891
What are the prime factors of 72707372?
2, 18176843
What are the prime factors of 65234055?
3, 5, 4348937
What are the prime factors of 4097828764?
2, 23, 44541617
What are the prime factors of 80907158?
2, 29, 167, 8353
What are the prime factors of 437785832?
2, 11, 97, 51287
What are the prime factors of 167935321?
167935321
List the prime factors of 1264891950.
2, 3, 5, 7, 44617
List the prime factors of 1362244804.
2, 47, 67, 83, 1303
List the prime factors of 15931021.
15931021
List the prime factors of 1126951794.
2, 3, 17, 353, 10433
List the prime factors of 28883618.
2, 73, 181, 1093
What are the prime factors of 36240657?
3, 19, 635801
List the prime factors of 2036235728.
2, 1619, 78607
What are the prime factors of 5316334861?
1451, 3663911
What are the prime factors of 44265005?
5, 8853001
List the prime factors of 845929291.
359, 2356349
List the prime factors of 69388043.
619, 112097
What are the prime factors of 36484091?
7, 17, 306589
What are the prime factors of 77581845?
3, 5, 11, 19, 73, 113
What are the prime factors of 1211626428?
2, 3, 19, 53, 100267
What are the prime factors of 15475306?
2, 7, 11, 317
List the prime factors of 539813298.
2, 3, 41, 829, 2647
List the prime factors of 2692303772.
2, 673075943
List the prime factors of 13705914.
2, 3, 149, 15331
List the prime factors of 42122591.
7, 23, 261631
What are the prime factors of 71544462?
2, 3, 11, 19, 59, 967
What are the prime factors of 4515834969?
3, 73, 84857
What are the prime factors of 326247723?
3, 67, 180347
List the prime factors of 1779298090.
2, 5, 197, 903197
List the prime factors of 270689410.
2, 5, 37, 731593
What are the prime factors of 160308654?
2, 3, 11, 2428919
What are the prime factors of 22864158?
2, 3, 1270231
List the prime factors of 247899218.
2, 7, 1693, 10459
List the prime factors of 8540791166.
2, 4270395583
What are the prime factors of 59113126?
2, 53, 557671
List the prime factors of 1667746102.
2, 11, 6949, 10909
List the prime factors of 1132906203.
3, 11, 13, 22571
What are the prime factors of 197849618?
2, 98924809
What are the prime factors of 655197202?
2, 11, 47, 633653
List the prime factors of 201849683.
7, 41, 703309
List the prime factors of 217821486.
2, 3, 79, 157, 2927
What are the prime factors of 118935063?
3, 13, 541, 1879
List the prime factors of 52035431.
7, 37, 200909
What are the prime factors of 85391119?
11, 17, 26861
What are the prime factors of 167723222?
2, 19, 23, 191903
What are the prime factors of 178245971?
178245971
List the prime factors of 3658640209.
7, 19, 59, 466247
What are the prime factors of 110374356?
2, 3, 151, 60913
List the prime factors of 2240031345.
3, 5, 10061, 14843
What are the prime factors of 41039616?
2, 3, 53437
List the prime factors of 3195015349.
3195015349
List the prime factors of 705508978.
2, 4679, 75391
What are the prime factors of 140200256?
2, 7, 373, 839
What are the prime factors of 47758175?
5, 239, 7993
What are the prime factors of 460474012?
2, 7919, 14537
List the prime factors of 133799485.
5, 89, 300673
List the prime factors of 1963352131.
13, 6197, 24371
List the prime factors of 875050538.
2, 437525269
What are the prime factors of 1450178426?
2, 14281, 50773
What are the prime factors of 4439416703?
17, 61, 4281019
What are the prime factors of 1143549724?
2, 285887431
What are the prime factors of 237231771?
3, 7, 1327, 8513
List the prime factors of 2908029697.
2908029697
List the prime factors of 3947321201.
97, 40694033
What are the prime factors of 52281888?
2, 3, 37, 41, 359
What are the prime factors of 6485862815?
5, 1297172563
List the prime factors of 569695601.
19, 47, 607, 1051
What are the prime factors of 211958188?
2, 13, 641, 6359
What are the prime factors of 371919616?
2, 317, 4583
List the prime factors of 206431752.
2, 3, 149, 57727
List the prime factors of 95985803.
103, 931901
List the prime factors of 52524431.
53, 991027
List the prime factors of 719604634.
2, 7, 23, 2234797
List the prime factors of 131407154.
2, 19, 73, 127, 373
What are the prime factors of 87696512?
2, 37, 18517
List the prime factors of 12760974.
2, 3, 708943
What are the prime factors of 158480620?
2, 5, 37, 214163
List the prime factors of 1307417938.
2, 1367, 478207
What are the prime factors of 84930504?
2, 3, 17, 43, 47, 103
List the prime factors of 101037031.
347, 291173
List the prime factors of 3230676802.
2, 1615338401
What are the prime factors of 1069785993?
3, 356595331
List the prime factors of 421363412.
2, 105340853
What are the prime factors of 1384178860?
2, 5, 41, 647, 2609
What are the prime factors of 21658092?
2, 3, 1804841
List the prime factors of 67602780.
2, 3, 5, 7, 53653
What are the prime factors of 36621478?
2, 31, 590669
List the prime factors of 127992737.
3137, 40801
What are the prime factors of 76497039?
3, 1061, 8011
What are the prime factors of 18760135?
5, 139, 26993
List the prime factors of 2611807582.
2, 1305903791
What are the prime factors of 28049347?
127, 220861
List the prime factors of 239734664.
2, 13, 79, 29179
List the prime factors of 41791375.
5, 334331
List the prime factors of 75115383.
3, 7, 510989
List the prime factors of 5125126335.
3, 5, 7, 6972961
What are the prime factors of 406432176?
2, 3, 1789, 4733
What are the prime factors of 37703368?
2, 61, 77261
What are the prime factors of 33864351?
3, 11288117
List the prime factors of 466791840.
2, 3, 5, 324161
List the prime factors of 4218801195.
3, 5, 7, 59, 681001
List the prime factors of 724866569.
7, 103552367
List the prime factors of 387030870.
2, 3, 5, 4300343
List the prime factors of 758502438.
2, 3, 126417073
List the prime factors of 167168148.
2, 3, 7, 53, 37549
What are the prime factors of 78498286?
2, 39249143
What are the prime factors of 45706501?
45706501
List the prime factors of 85350942.
2, 3, 1580573
List the prime factors of 136530903.
3, 19, 2395279
What are the prime factors of 5205921781?
17, 73, 1163, 3607
List the prime factors of 196145061.
3, 7, 113, 82657
List the prime factors of 4221950569.
4221950569
What are the prime factors of 5975292?
2, 3, 449, 1109
What are the prime factors of 162842163?
3, 11, 29, 31, 499
What are the prime factors of 516229195?
5, 181, 570419
What are the prime factors of 47341613?
11, 23, 17011
What ar